mon factor of 36046543 and 299.
299
What is the greatest common divisor of 92722 and 183002?
74
Calculate the highest common factor of 61888122 and 13006.
1858
Calculate the highest common divisor of 83 and 42899.
1
Calculate the highest common divisor of 20262528 and 8736.
1248
What is the greatest common factor of 6970 and 5560420?
410
What is the greatest common divisor of 484 and 1056460922?
242
What is the greatest common factor of 5179405 and 175?
35
What is the highest common factor of 281 and 30190921?
281
What is the greatest common factor of 2125 and 7096625?
125
What is the greatest common divisor of 1575 and 19853631?
63
Calculate the highest common divisor of 409692417 and 6.
3
Calculate the greatest common divisor of 75665 and 1873865.
185
What is the greatest common divisor of 11 and 15169924?
11
Calculate the highest common factor of 196 and 9429584.
4
What is the highest common divisor of 3627486 and 7398?
2466
What is the greatest common divisor of 7296 and 138533712?
912
What is the greatest common factor of 72 and 1775424888?
72
Calculate the greatest common factor of 244 and 27768542.
122
What is the greatest common divisor of 27074 and 128?
2
What is the highest common divisor of 4804 and 226267199?
1201
Calculate the highest common divisor of 155264157 and 1854.
927
What is the greatest common factor of 47372 and 4277?
13
What is the highest common divisor of 27626 and 1586314?
1454
What is the greatest common factor of 7110273 and 3577?
73
What is the highest common factor of 4288 and 11179888?
1072
Calculate the greatest common factor of 2616369 and 1302.
651
What is the highest common factor of 17001666 and 935?
187
What is the greatest common factor of 7290 and 288607050?
810
What is the highest common divisor of 187487 and 11894?
313
Calculate the greatest common factor of 16374095 and 1880.
235
What is the greatest common divisor of 708803344 and 457?
457
What is the highest common divisor of 11016 and 80369064?
3672
Calculate the greatest common divisor of 5137 and 485749583.
5137
Calculate the greatest common factor of 531 and 115935.
177
What is the highest common factor of 104711288 and 33?
11
What is the greatest common factor of 39536 and 300648688?
5648
Calculate the highest common divisor of 42156 and 8380.
4
What is the greatest common divisor of 224564 and 96844?
124
Calculate the highest common factor of 90079 and 159676.
209
What is the highest common divisor of 7688670 and 13800?
690
What is the greatest common divisor of 9689290 and 37960?
9490
Calculate the highest common divisor of 143274 and 918.
6
What is the highest common factor of 318753 and 1387883?
331
What is the greatest common factor of 86172 and 4300?
172
What is the highest common divisor of 184445 and 2735?
5
Calculate the highest common factor of 20890 and 403040.
10
What is the greatest common divisor of 2185883 and 77?
7
Calculate the greatest common divisor of 2724 and 7974964.
908
Calculate the greatest common factor of 46113466 and 14.
14
Calculate the greatest common divisor of 527 and 10270331.
31
What is the greatest common divisor of 5635 and 249872?
161
Calculate the greatest common factor of 7949501 and 14.
7
What is the highest common factor of 160196 and 122612?
116
What is the greatest common factor of 200954 and 1059266?
3406
Calculate the highest common divisor of 172 and 131987554.
86
What is the highest common factor of 270584 and 2204008?
1192
What is the highest common divisor of 188007 and 13137?
87
What is the highest common factor of 73917 and 40248?
387
What is the greatest common divisor of 29874427 and 11?
11
Calculate the greatest common factor of 6820 and 3050245.
1705
Calculate the greatest common divisor of 3 and 3839638.
1
What is the greatest common divisor of 232 and 7486814?
58
Calculate the highest common divisor of 14053371 and 9454.
4727
Calculate the greatest common divisor of 2040 and 14492840.
680
What is the highest common factor of 351 and 3945929?
13
Calculate the greatest common factor of 30360 and 213510.
330
What is the greatest common factor of 96033619 and 4618?
2309
What is the greatest common factor of 199 and 15766969?
199
What is the highest common divisor of 933875 and 6250?
125
Calculate the highest common factor of 8263112 and 36608.
1144
What is the highest common divisor of 14101687 and 51?
17
What is the highest common divisor of 42453331 and 391?
23
What is the highest common factor of 261430 and 1210?
10
What is the highest common factor of 770 and 7672742?
154
What is the greatest common factor of 462 and 117147338?
154
Calculate the greatest common factor of 2543240 and 665.
35
What is the greatest common factor of 40 and 30479704?
8
What is the highest common factor of 94243583 and 2762?
1381
Calculate the highest common divisor of 2229152592 and 12576.
6288
What is the highest common factor of 11165 and 533295?
35
Calculate the greatest common factor of 92850 and 3488684.
1238
Calculate the highest common factor of 254296136 and 472.
472
What is the highest common factor of 1160 and 6885905?
145
What is the greatest common divisor of 2618 and 5744266?
374
Calculate the greatest common factor of 72730 and 3591.
7
Calculate the highest common divisor of 470 and 15080185.
235
What is the greatest common divisor of 131736 and 19021880?
3992
What is the greatest common factor of 297 and 320837?
11
Calculate the highest common divisor of 1263534 and 1600878.
1506
What is the highest common factor of 4 and 1198251?
1
Calculate the highest common factor of 1278509 and 5461.
127
Calculate the greatest common divisor of 1530 and 127677582.
306
Calculate the highest common factor of 430120 and 52940.
20
Calculate the highest common divisor of 1005 and 6107988.
201
Calculate the greatest common divisor of 1059696 and 35184.
48
Calculate the greatest common factor of 4223211 and 3819.
201
Calculate the greatest common divisor of 16058 and 786408.
434
What is the highest common factor of 88690 and 10116050?
490
What is the greatest common factor of 3455235 and 1260?
315
What is the highest common divisor of 681579865 and 4430?
2215
What is the greatest common divisor of 4776284 and 2?
2
Calculate the highest common factor of 9026158 and 73.
73
Calculate the highest common divisor of 5489822 and 242554.
494
What is the greatest common factor of 18342 and 3366?
18
What is the greatest common divisor of 6527605 and 140?
35
Calculate the highest common divisor of 39 and 31468539.
3
Calculate the greatest common factor of 3881244 and 4408.
2204
Calculate the highest common divisor of 24872449 and 6790.
679
What is the highest common divisor of 1993866156 and 7092?
7092
What is the greatest common divisor of 64014 and 3760?
94
Calculate the highest common divisor of 29428770 and 860.
430
Calculate the highest common factor of 14593 and 468.
1
What is the greatest common divisor of 70 and 1105216?
14
What is the highest common divisor of 1558298 and 518?
14
What is the highest common factor of 3430064 and 275?
11
What is the highest common factor of 11218760 and 2576?
56
What is the highest common divisor of 161566944 and 11?
11
What is the greatest common factor of 550863 and 70713?
873
What is the highest common divisor of 188932 and 3487?
317
Calculate the greatest common divisor of 726171 and 2.
1
Calculate the greatest common divisor of 71 and 4504552329.
71
What is the highest common divisor of 340606 and 63?
7
What is the greatest common divisor of 341 and 177529?
11
Calculate the greatest common factor of 126356 and 1567222.
2038
What is the highest common divisor of 1251 and 1594191?
417
What is the greatest common divisor of 194140 and 790835?
2855
Calculate the greatest common factor of 15264 and 42840.
72
Calculate the highest common divisor of 32 and 76416056.
8
What is the greatest common factor of 55131 and 6256?
391
Calculate the greatest common divisor of 2684517981 and 417.
417
What is the greatest common factor of 56 and 251299448?
8
What is the highest common factor of 4779016 and 605?
121
Calculate the greatest common divisor of 166844 and 48916772.
3148
Calculate the highest common divisor of 65068416 and 154.
14
What is the greatest common factor of 331992 and 10846